3975.
5
What is the highest common divisor of 29625381 and 27?
9
What is the highest common factor of 25656 and 1080?
24
Calculate the greatest common divisor of 70287 and 47621.
7
Calculate the greatest common divisor of 6921231 and 9027.
177
What is the greatest common factor of 47258769 and 927?
309
Calculate the highest common factor of 23 and 1071443.
1
Calculate the greatest common divisor of 4044 and 20657763.
1011
Calculate the highest common divisor of 40007546 and 413.
59
What is the greatest common factor of 4839276 and 35724?
156
Calculate the highest common divisor of 39016608 and 4608.
96
What is the highest common divisor of 84 and 564888?
12
Calculate the greatest common factor of 4882506 and 1767.
57
What is the greatest common divisor of 317357970 and 2490?
2490
Calculate the greatest common factor of 1169461 and 44145.
109
What is the greatest common divisor of 759 and 3825429?
69
Calculate the greatest common divisor of 74 and 81374359.
37
Calculate the highest common factor of 536166302 and 14.
14
Calculate the highest common factor of 550313834 and 28.
14
Calculate the greatest common divisor of 225 and 720030.
15
What is the greatest common divisor of 1920459 and 147?
3
What is the greatest common factor of 19050 and 10926699?
381
What is the highest common divisor of 294 and 163993494?
294
What is the highest common factor of 29742 and 28104?
6
What is the highest common factor of 187 and 128177423?
11
What is the highest common divisor of 1029534 and 13882?
22
What is the highest common factor of 1070862671 and 29?
29
What is the greatest common factor of 272 and 25230278?
34
What is the highest common divisor of 87963 and 121099?
109
Calculate the greatest common factor of 72 and 12126936.
24
What is the highest common factor of 553233905 and 11075?
2215
What is the highest common divisor of 353113519 and 22?
11
What is the highest common factor of 7082061 and 3?
3
Calculate the highest common factor of 6119678 and 11606.
1658
Calculate the greatest common factor of 10063787 and 95.
19
What is the greatest common divisor of 196 and 26431076?
28
Calculate the greatest common factor of 668426 and 2530.
506
Calculate the greatest common divisor of 328315230 and 50.
10
Calculate the greatest common divisor of 318488 and 349156.
164
What is the greatest common divisor of 429296246 and 30814?
4402
Calculate the highest common divisor of 1440 and 5045904.
144
Calculate the highest common factor of 49611 and 1046868.
69
Calculate the greatest common divisor of 285136240 and 9520.
1360
Calculate the greatest common divisor of 417466 and 124138.
14
What is the highest common divisor of 2207648 and 19000?
152
What is the greatest common factor of 7546 and 2481262?
686
Calculate the highest common factor of 819 and 6144489.
117
Calculate the highest common factor of 195144145 and 35.
35
Calculate the highest common divisor of 802 and 36476564.
802
What is the greatest common factor of 4081384 and 1888?
472
Calculate the highest common divisor of 3704 and 47452.
4
Calculate the greatest common factor of 8185 and 104393127.
1637
What is the greatest common factor of 3577 and 6436045?
511
What is the highest common divisor of 2766316 and 7781?
31
What is the highest common divisor of 394 and 158182135?
197
Calculate the highest common divisor of 241920 and 39015.
135
What is the highest common factor of 21 and 9083319?
21
Calculate the greatest common divisor of 2128568 and 64311.
1261
Calculate the highest common divisor of 89502 and 47166.
42
Calculate the greatest common divisor of 47872 and 982498.
374
Calculate the greatest common factor of 4220 and 89260.
20
Calculate the highest common divisor of 61299980 and 140.
140
Calculate the greatest common divisor of 2530 and 594112310.
2530
Calculate the greatest common factor of 4797 and 41255721.
117
Calculate the greatest common divisor of 23478 and 2687737.
13
Calculate the greatest common factor of 74368615 and 1711.
1711
Calculate the greatest common factor of 21113504 and 2360.
472
Calculate the greatest common divisor of 328 and 5914496.
328
What is the greatest common factor of 29886399 and 2957?
2957
Calculate the greatest common factor of 531 and 266503.
59
What is the highest common divisor of 23130 and 459360?
90
Calculate the greatest common factor of 4140239 and 262244.
1237
Calculate the greatest common factor of 245 and 125165.
5
What is the highest common divisor of 1439363 and 736?
23
Calculate the greatest common factor of 44 and 1771124.
4
What is the greatest common factor of 8125 and 8530625?
625
What is the greatest common divisor of 7 and 10727910?
1
Calculate the highest common divisor of 29770417 and 68.
17
What is the greatest common divisor of 315 and 216045585?
315
What is the greatest common factor of 1771 and 11648?
7
Calculate the greatest common factor of 43956795 and 11133.
3711
Calculate the greatest common divisor of 2345 and 1409205.
35
What is the greatest common divisor of 1452 and 1469127?
33
What is the highest common divisor of 351 and 62361?
117
Calculate the greatest common divisor of 14528004 and 26760.
2676
What is the greatest common divisor of 1214848 and 128?
128
What is the highest common divisor of 160072 and 256564?
748
Calculate the highest common divisor of 291 and 51524848.
97
What is the greatest common divisor of 364041 and 51705?
27
Calculate the greatest common divisor of 93105530 and 3374.
3374
What is the greatest common divisor of 44121 and 3773?
77
Calculate the highest common factor of 28728 and 464968.
1064
Calculate the greatest common divisor of 2507 and 1707049.
109
What is the highest common factor of 3583672842 and 313?
313
Calculate the greatest common divisor of 1830 and 45868035.
915
What is the highest common factor of 110 and 102751858?
22
Calculate the greatest common divisor of 504 and 32710167.
63
Calculate the highest common factor of 2 and 18116002.
2
Calculate the greatest common factor of 456326 and 5135.
13
What is the highest common divisor of 1539 and 1126953?
81
What is the greatest common divisor of 4116940 and 25?
5
Calculate the greatest common divisor of 37555 and 11236345.
185
Calculate the greatest common divisor of 567814 and 576.
2
What is the greatest common factor of 800 and 120032?
32
Calculate the highest common divisor of 25050 and 76830.
30
What is the greatest common factor of 2728 and 2011528?
248
What is the greatest common divisor of 49 and 4723817?
7
Calculate the greatest common factor of 384 and 28301280.
96
What is the highest common factor of 14256 and 26436?
12
Calculate the greatest common divisor of 1326132 and 78.
6
Calculate the highest common divisor of 64 and 819399232.
64
What is the greatest common divisor of 132 and 220671825?
33
What is the highest common factor of 380 and 6257365?
95
What is the greatest common factor of 31220430 and 4370?
230
What is the highest common factor of 16536603 and 768277?
7459
Calculate the highest common factor of 16184886 and 183.
183
What is the highest common divisor of 208794825 and 4770?
2385
What is the highest common factor of 189 and 14335797?
21
Calculate the highest common divisor of 92 and 9878086.
46
Calculate the highest common factor of 350 and 1226765925.
175
Calculate the greatest common factor of 9693063 and 9243.
711
Calculate the greatest common divisor of 40469 and 66001.
13
What is the greatest common divisor of 15 and 151514190?
15
Calculate the greatest common divisor of 160068573 and 9.
9
What is the highest common factor of 4727 and 27078538?
163
Calculate the greatest common factor of 2331 and 18699541.
259
Calculate the highest common factor of 72 and 298182699.
9
What is the greatest common divisor of 44912763 and 1029?
1029
Calculate the greatest common factor of 3223323 and 2107.
43
What is the greatest common divisor of 23826 and 93759642?
2166
Calculate the highest common factor of 333931098 and 4404.
2202
What is the greatest common divisor of 842618 and 794122?
6062
What is the highest common factor of 1000523 and 115?
23
What is the highest common divisor of 329314 and 262614?
46
What is the highest common divisor of 56 and 380356984?
56
What is the greatest common divisor of 3252 and 72392?
4
C